{"id":598,"date":"2024-07-08T11:08:15","date_gmt":"2024-07-08T10:08:15","guid":{"rendered":"https:\/\/jakttokig.se\/?post_type=product&#038;p=598"},"modified":"2025-09-30T07:56:17","modified_gmt":"2025-09-30T06:56:17","slug":"element-optics-immersive-5x30","status":"publish","type":"product","link":"https:\/\/jakttokig.se\/?product=element-optics-immersive-5x30","title":{"rendered":"Element Optics Immersive 5&#215;30"},"content":{"rendered":"<p><strong><em>Till skillnad fr\u00e5n vanliga kikarsikten<\/em><\/strong> ger bilden fr\u00e5n ett sikte i Immersive-serien en \u00f6verl\u00e4gsen k\u00e4nsla av att ha koll p\u00e5 omgivningen, och k\u00e4nslan av att du \u00e4r ett med m\u00e5lomr\u00e5det \u2013 och med de otroligt klara ED-linserna \u00e4r det ingen kompromiss med den k\u00e4nslan.<\/p>\n<p><strong>Immersive 5&#215;30<\/strong> ger ett tillr\u00e4ckligt \u00f6gonavst\u00e5nd f\u00f6r att anv\u00e4ndas med gev\u00e4r med kraftig rekyl och anv\u00e4nder det nya LPR riktmedlet.<\/p>\n<ul>\n<li>Kompakt l\u00e4ttviktsdesign<\/li>\n<li>Tilt-bart universalf\u00e4ste med 2x Bas l\u00e4ngd inkluderat<\/li>\n<li>Belyst riktmedel (tryckknapp)<\/li>\n<li>Tillbeh\u00f6rsrail inkluderad<\/li>\n<li>Sidoparallax: 6 m \u2013 o\u00e4ndligt<\/li>\n<li>ED Glas f\u00f6r reducerad chromatic aberration och f\u00f6rb\u00e4ttrad sk\u00e4rpa<\/li>\n<li>Nollst\u00e4llningsbara, lockt\u00e4ckta justeringsvred i MOA eller MRAD<\/li>\n<li>Vattent\u00e4tt, dims\u00e4kert, st\u00f6tskyddatt &amp; kv\u00e4vgasfyllt<\/li>\n<li>Magnetiska Flip-lock inkluderat<\/li>\n<\/ul>\n<p>&nbsp;<\/p>\n<table width=\"592\">\n<tbody>\n<tr>\n<td width=\"330\">F\u00f6rstoring<\/td>\n<td colspan=\"2\" width=\"131\">5x<\/td>\n<\/tr>\n<tr>\n<td width=\"330\">Tubdiameter<\/td>\n<td colspan=\"2\" width=\"131\">34mm<\/td>\n<\/tr>\n<tr>\n<td width=\"330\">Objektivets linsdiameter<\/td>\n<td colspan=\"2\" width=\"131\">30mm<\/td>\n<\/tr>\n<tr>\n<td width=\"330\">Utg\u00e5ngs pupill<\/td>\n<td colspan=\"2\" width=\"131\">13.5-3.3mm<\/td>\n<\/tr>\n<tr>\n<td width=\"330\">\u00d6gonavst\u00e5nd<\/td>\n<td colspan=\"2\" width=\"131\">85mm<\/td>\n<\/tr>\n<tr>\n<td width=\"330\">Synf\u00e4lt<\/td>\n<td colspan=\"2\" width=\"131\">@100m: 10.2m<\/td>\n<\/tr>\n<tr>\n<td>Klick v\u00e4rde<\/td>\n<td width=\"1\"><\/td>\n<td>1\/10 MRAD (6 MRAD \/ varv)<\/td>\n<\/tr>\n<tr>\n<td>Elevation justeringsomf\u00e5ng<\/td>\n<td width=\"1\"><\/td>\n<td>28 MRAD<\/td>\n<\/tr>\n<tr>\n<td>Sidvind justeringsomf\u00e5ng<\/td>\n<td width=\"1\"><\/td>\n<td>28 MRAD<\/td>\n<\/tr>\n<tr>\n<td>Mini parallax<\/td>\n<td width=\"1\"><\/td>\n<td>6 meter<\/td>\n<\/tr>\n<tr>\n<td>L\u00e4ngd<\/td>\n<td width=\"1\"><\/td>\n<td>147mm<\/td>\n<\/tr>\n<tr>\n<td>Vikt<\/td>\n<td width=\"1\"><\/td>\n<td>486g<\/td>\n<\/tr>\n<\/tbody>\n<\/table>\n<p>&nbsp;<\/p>\n<p><iframe loading=\"lazy\" title=\"Product Overview: Immersive Series 5x30 | What are Prismatic Riflescopes?\" width=\"980\" height=\"551\" src=\"https:\/\/www.youtube.com\/embed\/Biu0RKW8lp0?feature=oembed\" frameborder=\"0\" allow=\"accelerometer; autoplay; clipboard-write; encrypted-media; gyroscope; picture-in-picture; web-share\" referrerpolicy=\"strict-origin-when-cross-origin\" allowfullscreen><\/iframe><\/p>\n","protected":false},"excerpt":{"rendered":"<p>Immersive 5&#215;30 &#8211; ett l\u00e4tt sikte med stor n\u00e4rvarok\u00e4nsla!<\/p>\n<p>Detta sikte \u00e4r speciellt l\u00e4mpligt f\u00f6r drevjakt och t\u00e4ta skogspass &#8211; eller varf\u00f6r inte p\u00e5 IPSC-banan! Passar lika bra p\u00e5 hundf\u00f6rar-b\u00f6ssan i kaliber 9,3 som p\u00e5 halvautomaten med AR-liknande utseende i kaliber .308. De magnetiska Flip-locken l\u00e5ser i uppf\u00e4llt l\u00e4ge och ger minimalt med ljud fr\u00e5n sig vid \u00f6ppning och riktmedlets belysning justeras enkelt med tryckknappen p\u00e5 knappen f\u00f6r sidoparallax.<\/p>\n","protected":false},"featured_media":599,"comment_status":"open","ping_status":"closed","template":"","meta":[],"product_brand":[],"product_cat":[20],"product_tag":[],"class_list":{"0":"post-598","1":"product","2":"type-product","3":"status-publish","4":"has-post-thumbnail","6":"product_cat-optik","8":"first","9":"onbackorder","10":"taxable","11":"shipping-taxable","12":"purchasable","13":"product-type-simple"},"jetpack_sharing_enabled":true,"_links":{"self":[{"href":"https:\/\/jakttokig.se\/index.php?rest_route=\/wp\/v2\/product\/598","targetHints":{"allow":["GET"]}}],"collection":[{"href":"https:\/\/jakttokig.se\/index.php?rest_route=\/wp\/v2\/product"}],"about":[{"href":"https:\/\/jakttokig.se\/index.php?rest_route=\/wp\/v2\/types\/product"}],"replies":[{"embeddable":true,"href":"https:\/\/jakttokig.se\/index.php?rest_route=%2Fwp%2Fv2%2Fcomments&post=598"}],"wp:featuredmedia":[{"embeddable":true,"href":"https:\/\/jakttokig.se\/index.php?rest_route=\/wp\/v2\/media\/599"}],"wp:attachment":[{"href":"https:\/\/jakttokig.se\/index.php?rest_route=%2Fwp%2Fv2%2Fmedia&parent=598"}],"wp:term":[{"taxonomy":"product_brand","embeddable":true,"href":"https:\/\/jakttokig.se\/index.php?rest_route=%2Fwp%2Fv2%2Fproduct_brand&post=598"},{"taxonomy":"product_cat","embeddable":true,"href":"https:\/\/jakttokig.se\/index.php?rest_route=%2Fwp%2Fv2%2Fproduct_cat&post=598"},{"taxonomy":"product_tag","embeddable":true,"href":"https:\/\/jakttokig.se\/index.php?rest_route=%2Fwp%2Fv2%2Fproduct_tag&post=598"}],"curies":[{"name":"wp","href":"https:\/\/api.w.org\/{rel}","templated":true}]}}