{"id":493,"date":"2023-04-18T09:33:44","date_gmt":"2023-04-18T08:33:44","guid":{"rendered":"https:\/\/jakttokig.se\/?post_type=product&#038;p=493"},"modified":"2023-04-18T10:05:23","modified_gmt":"2023-04-18T09:05:23","slug":"rekylbroms-typ-3","status":"publish","type":"product","link":"https:\/\/jakttokig.se\/?product=rekylbroms-typ-3","title":{"rendered":"Rekylbroms, typ 3"},"content":{"rendered":"<p>Rekylbroms CNC-fr\u00e4st i st\u00e5l, kaliber 30.<\/p>\n<p>Bafflarna \u00e4r v\u00e4nda \u00e5t sidorna och upp\u00e5t, f\u00f6r att undvika dammuppslag fr\u00e5n marken i st\u00f6rsta m\u00f6jliga m\u00e5n. Bl\u00e5nerad. Finns i olika g\u00e4ngstorlekar.<\/p>\n<p>Leveranstid 1 &#8211; 2 veckor, om inte produkten finns i lokalt lager.<\/p>\n","protected":false},"excerpt":{"rendered":"<p>Rekylbroms av tyskt kvalkitetsst\u00e5l, med fin finish och passform!<\/p>\n","protected":false},"featured_media":494,"comment_status":"open","ping_status":"closed","template":"","meta":[],"product_brand":[],"product_cat":[32],"product_tag":[],"class_list":{"0":"post-493","1":"product","2":"type-product","3":"status-publish","4":"has-post-thumbnail","6":"product_cat-tillbehor-vapen","8":"first","9":"instock","10":"taxable","11":"shipping-taxable","12":"purchasable","13":"product-type-variable"},"jetpack_sharing_enabled":true,"_links":{"self":[{"href":"https:\/\/jakttokig.se\/index.php?rest_route=\/wp\/v2\/product\/493","targetHints":{"allow":["GET"]}}],"collection":[{"href":"https:\/\/jakttokig.se\/index.php?rest_route=\/wp\/v2\/product"}],"about":[{"href":"https:\/\/jakttokig.se\/index.php?rest_route=\/wp\/v2\/types\/product"}],"replies":[{"embeddable":true,"href":"https:\/\/jakttokig.se\/index.php?rest_route=%2Fwp%2Fv2%2Fcomments&post=493"}],"wp:featuredmedia":[{"embeddable":true,"href":"https:\/\/jakttokig.se\/index.php?rest_route=\/wp\/v2\/media\/494"}],"wp:attachment":[{"href":"https:\/\/jakttokig.se\/index.php?rest_route=%2Fwp%2Fv2%2Fmedia&parent=493"}],"wp:term":[{"taxonomy":"product_brand","embeddable":true,"href":"https:\/\/jakttokig.se\/index.php?rest_route=%2Fwp%2Fv2%2Fproduct_brand&post=493"},{"taxonomy":"product_cat","embeddable":true,"href":"https:\/\/jakttokig.se\/index.php?rest_route=%2Fwp%2Fv2%2Fproduct_cat&post=493"},{"taxonomy":"product_tag","embeddable":true,"href":"https:\/\/jakttokig.se\/index.php?rest_route=%2Fwp%2Fv2%2Fproduct_tag&post=493"}],"curies":[{"name":"wp","href":"https:\/\/api.w.org\/{rel}","templated":true}]}}