{"id":155,"date":"2020-06-02T08:10:35","date_gmt":"2020-06-02T07:10:35","guid":{"rendered":"https:\/\/jakttokig.se\/?page_id=155"},"modified":"2025-10-10T17:50:01","modified_gmt":"2025-10-10T16:50:01","slug":"forsaljningsvillkor","status":"publish","type":"page","link":"https:\/\/jakttokig.se\/?page_id=155","title":{"rendered":"F\u00f6rs\u00e4ljningsvillkor och GDPR"},"content":{"rendered":"\n<p><strong>Jakttokig.se<\/strong> drivs av <strong>Mats Cederl\u00f6f, Bruksgatan 17 771 31 LUDVIKA<\/strong>, och det inneb\u00e4r att all handel bedrivs enligt Svensk Konsumentlagstiftning. Bytes och \u00e5ngerr\u00e4tt av k\u00f6p inom 14 dagar, under f\u00f6ruts\u00e4ttning att varan och kartong befinns i nyskick, samt att varan ej har varit anv\u00e4nt\/monterad. F\u00f6r essensflaska g\u00e4ller ej bytes\/\u00e5ngerr\u00e4tt om garantif\u00f6rsegling \u00e4r bruten. <\/p>\n\n\n\n<p><strong>Garantier enligt Svensk lagstiftning<\/strong> om ej annat anges, t ex Element Optics kikarserie d\u00e4r fel vid normal anv\u00e4ndning t\u00e4cks under produktens livstid. Yttre v\u00e5ld genom t ex tappskada eller \u00e5verkan p\u00e5 egen hand genom ovarsam montering\/hantering omfattas ej av denna garanti, och livstidsgarantin anses d\u00e5 vara f\u00f6rverkad.<\/p>\n\n\n\n<p><strong>Betalningsvillkor<\/strong> framg\u00e5r i webbutiken, och kan ske genom att n\u00e5got av f\u00f6ljande v\u00e4ljs: <\/p>\n\n\n\n<p><strong>F\u00f6rskottsbetalning \/ Swish\/BankGiro<\/strong> &#8211; Genomf\u00f6r k\u00f6pet och g\u00f6r din betalning via bankgiro <strong>5095-6432<\/strong> eller Swish och m\u00e4rk betalningen med ditt ordernummer som kommer p\u00e5 den e-postadress du uppgett. Varan skickas fraktfritt inom Sverige, via brev om varuv\u00e4rdet \u00e4r l\u00e5gt (upp till 400:-), via ej sp\u00e5rbar frakt\/p\u00e5se eller som sp\u00e5rbar f\u00f6rs\u00e4ndelse\/paket med f\u00f6rs\u00e4kring (kikarsikten et c).<\/p>\n\n\n\n<p><strong>Kortbetalning \/ Paypal<\/strong> &#8211; Betala via kort eller Paypal som vanligt vid utcheckning, och k\u00f6pebeloppet garanteras av din bank. Delbetalning till\u00e4mpas ej i annan form \u00e4n det som din kortutgivare st\u00e5r f\u00f6r.<\/p>\n\n\n\n<p><strong>Frakts\u00e4tt<\/strong> anges i butiken, och sker genom Brev\/ej sp\u00e5rbar f\u00f6rs\u00e4ndelse p\u00e5 varor av l\u00e4gre belopp. Vid h\u00f6gre varuv\u00e4rde eller st\u00f6rre vikt sker transporten i paket med sp\u00e5rbarhet och varuf\u00f6rs\u00e4kring. \u00c4ven transport av typen REK\/V\u00e4rde kan ske (vid k\u00f6p av produkter \u00f6ver 10kkr) eller efter beg\u00e4ran.<\/p>\n\n\n\n<p><strong>GDPR<\/strong> &#8211; General Data Protection Regulation<\/p>\n\n\n\n<p>P\u00e5 jakttokig.se hanteras dina personuppgifter enligt EU&#8217;s f\u00f6rordning om GDPR, och ingen on\u00f6dig data om dig sparas. Du kan ocks\u00e5 beg\u00e4ra att f\u00e5 kundkontouppgifter raderade. Kontakta d\u00e5 mig f\u00f6r ytterligare hantering och information. <\/p>\n\n\n\n<p><\/p>\n","protected":false},"excerpt":{"rendered":"<p>Jakttokig.se drivs av Mats Cederl\u00f6f, Bruksgatan 17 771 31 LUDVIKA, och det inneb\u00e4r att all handel bedrivs enligt Svensk Konsumentlagstiftning. Bytes och \u00e5ngerr\u00e4tt av k\u00f6p inom 14 dagar, under f\u00f6ruts\u00e4ttning att varan och kartong befinns i nyskick, samt att varan ej har varit anv\u00e4nt\/monterad. F\u00f6r essensflaska g\u00e4ller ej bytes\/\u00e5ngerr\u00e4tt om garantif\u00f6rsegling \u00e4r bruten. Garantier enligt [&hellip;]<\/p>\n","protected":false},"author":2,"featured_media":0,"parent":0,"menu_order":0,"comment_status":"closed","ping_status":"closed","template":"","meta":{"footnotes":""},"class_list":["post-155","page","type-page","status-publish","hentry"],"jetpack_sharing_enabled":true,"_links":{"self":[{"href":"https:\/\/jakttokig.se\/index.php?rest_route=\/wp\/v2\/pages\/155","targetHints":{"allow":["GET"]}}],"collection":[{"href":"https:\/\/jakttokig.se\/index.php?rest_route=\/wp\/v2\/pages"}],"about":[{"href":"https:\/\/jakttokig.se\/index.php?rest_route=\/wp\/v2\/types\/page"}],"author":[{"embeddable":true,"href":"https:\/\/jakttokig.se\/index.php?rest_route=\/wp\/v2\/users\/2"}],"replies":[{"embeddable":true,"href":"https:\/\/jakttokig.se\/index.php?rest_route=%2Fwp%2Fv2%2Fcomments&post=155"}],"version-history":[{"count":7,"href":"https:\/\/jakttokig.se\/index.php?rest_route=\/wp\/v2\/pages\/155\/revisions"}],"predecessor-version":[{"id":763,"href":"https:\/\/jakttokig.se\/index.php?rest_route=\/wp\/v2\/pages\/155\/revisions\/763"}],"wp:attachment":[{"href":"https:\/\/jakttokig.se\/index.php?rest_route=%2Fwp%2Fv2%2Fmedia&parent=155"}],"curies":[{"name":"wp","href":"https:\/\/api.w.org\/{rel}","templated":true}]}}